 = 0. Let v = c + -36. Is 4 a factor of v?
True
Let x(u) be the third derivative of -1/60*u**5 + 1/3*u**4 + 0 - 1/2*u**3 - 4*u**2 + 0*u. Does 13 divide x(4)?
True
Let b = 32 - 24. Suppose b + 30 = 2*c. Is 19 a factor of c?
True
Suppose d + 3*w - 12 = 0, 10*d + 4 = 5*d + w. Suppose u + d*u - 5 = 0. Is u even?
False
Let b be ((-20)/5 - -6)/(1*2). Does 35 divide 35*b*57/19?
True
Suppose -5*u = -4*b - 5, 4*b - 2*u + 1 = -1. Suppose 4*s = -s + 2*h + 122, b = 3*h + 3. Suppose -5*k + 4*k + s = 0. Is 12 a factor of k?
True
Suppose 25*g = 8*g + 510. Does 5 divide g?
True
Let c(z) = -10*z + 99. Let f be c(-30). Let j = 624 - f. Is j a multiple of 15?
True
Let r(f) be the second derivative of f**3/6 + 9*f**2/2 - 2*f. Let b be r(-11). Let a(n) = 17*n**2 - n + 1. Is 18 a factor of a(b)?
False
Suppose 2*i + 3 = u + 17, -36 = -5*i + 2*u. Suppose -i*b + 11*b = 135. Is 9 a factor of b?
True
Suppose w - 4*w = 105. Let i = -53 - w. Let g = i - -63. Is g a multiple of 15?
True
Suppose 4*s - 7925 = 1399. Is s a multiple of 111?
True
Let x(v) = v**2 + 11*v + 18. Let m be x(-14). Suppose 0 = 2*d - m - 4. Is d a multiple of 23?
False
Let l(c) = 36*c**2 + 2 + 12*c**2 - 4. Does 37 divide l(2)?
False
Let p = 1367 + -1259. Does 54 divide p?
True
Is 5 a factor of 60/(-18)*(-6)/(-4)*-1?
True
Let v be (5 - 7) + (1 - -1). Let r(p) = -p**2 + p + 15. Let s be r(v). Suppose -50 = -5*g - s. Does 2 divide g?
False
Let g = -6 + 21. Suppose 0 = 4*d - 1 - g. Suppose d*c = -q + 104, 0*c - 4*q = 3*c - 65. Is c a multiple of 8?
False
Let l be (32/6)/(8/24). Suppose r - x - 3*x = l, 3*r = 4*x + 40. Is r a multiple of 12?
True
Let j = -509 - -727. Is j a multiple of 15?
False
Suppose 5*h - z - 1290 = 3*h, 5*z = -h + 645. Is 43 a factor of h?
True
Let j(x) = x**3 - 6*x**2 + x - 2. Let r be j(6). Is 10 a factor of 4/14 + ((-332)/(-14) - r)?
True
Let l(o) = o**2 - 1. Let j = -3 - -8. Is l(j) a multiple of 8?
True
Let g be 0/(-1 + 15/5). Suppose -f - 2*n - 11 = -45, -5*f - 3*n + 149 = g. Is 8 a factor of f?
False
Let z = -18 + 20. Suppose 0 = -z*i + 23 - 3. Does 10 divide i?
True
Let a be (-101 + 102)*(1 + -1)/(-2). Let w be 4/(-12)*(1 + -10). Suppose 124 + 101 = 5*y + 4*n, a = -w*n. Does 15 divide y?
True
Let v(c) = c**3 - c**2 - 3*c + 2. Let y be v(2). Suppose 0 = x + 3*x - 360. Suppose y = 4*q + j - 3*j - x, -3*j + 25 = 2*q. Is q a multiple of 9?
False
Let t(q) = -8*q - 4. Let v be t(-1). Is 60*((6/v)/3 + 1) a multiple of 15?
True
Let m = 12 - 17. Let g be (18/m)/((-10)/25). Let p = 14 - g. Is p a multiple of 5?
True
Let q(t) = -498*t + 10. Is 32 a factor of q(-3)?
True
Suppose w = 4*f + 30, 3*w - 40 = -0*f + 2*f. Suppose 0*g = 2*g + w, 0 = -p + 4*g + 56. Does 18 divide p?
True
Suppose 0 = -y - 3*y + 5*i - 105, -2*y + 5*i - 65 = 0. Does 3 divide y/12*-9 - 3?
True
Suppose -3*q - 5*o + 35 = 0, 5*q - 6*o - 9 = -2*o. Suppose -q*n - 3 = -18. Suppose 5*r = 3*l - 29, -n*l + 31 = -0*r - 4*r. Does 12 divide l?
False
Suppose 3*y = -a - 23 - 1, y = 3*a + 72. Is 3 a factor of (-2)/(-8) + (-882)/a?
False
Let x = 8 - 12. Let r be -3 - (-11 - (x + 1)). Suppose -r*u + 2*v = -98, -4*v = -4*u - 0*v + 88. Does 13 divide u?
False
Let n(i) = 10*i - 1. Let g be n(-7). Let q = 81 + g. Is 10 a factor of q?
True
Suppose -2*w - 40 = -5*m - 4*w, -m + 26 = 4*w. Suppose -m*i + 306 = -3*i. Is 14 a factor of i/(-5)*25/(-10)?
False
Is 6 a factor of 219*7*8/28?
True
Let k be 26078/(-156) + 2/12. Let h = -87 - k. Is 5 a factor of h?
True
Let q(s) = -26*s + 22. Let h be q(-13). Suppose 6*j - 3*j - h = 0. Does 30 divide j?
True
Let m = 301 + -191. Suppose -z = -m + 15. Is z a multiple of 25?
False
Let b(y) = y**3 - 2*y**2 + 79*y + 8. Does 3 divide b(8)?
False
Let y = 27 - 25. Suppose 4*v - 4*r = -1556, -2*r - 415 + 29 = v. Is (-3)/y*v/6 a multiple of 21?
False
Suppose -3*b = l - 2980, -8*l = -6*l - 8. Does 13 divide b?
False
Let p be (-2)/((-2)/(-75)) - -2. Let l(a) = -159*a**2 + 6*a + 5. Let x be l(-1). Let t = p - x. Is t a multiple of 29?
True
Suppose -m = -4*u + 278, 4*m + 5*u - 9 = -1205. Let h be m/4*(5 - 3). Let t = -52 - h. Is 16 a factor of t?
False
Suppose n + 5*h - 67 = 47, h = 2*n - 239. Is 14 a factor of n?
False
Is 14 a factor of (-5 + ((-2709)/14)/9)*-2?
False
Suppose 6*y - 142 = 5*y. Is y a multiple of 16?
False
Let g = 17 - 17. Suppose -l + g*l = -51. Does 17 divide l?
True
Let u be 0*1/(-3)*-3. Suppose 3*g - 4*t + 10 = u, -8 = -4*g - 2*t + 8. Suppose -g*h - 2*h = -56. Does 5 divide h?
False
Suppose 580 = 7*s - 3*s - 2*n, -4*n + 568 = 4*s. Is s a multiple of 6?
True
Let p = -1 + 1. Suppose -5*x + 6*x - 24 = p. Does 8 divide x?
True
Suppose -l + 2*o = 4*l - 113, 4*o = 5*l - 111. Does 12 divide l?
False
Suppose 2*t - 17 = -4*q - 3, -3*q = -12. Is 2 + t + 2 - (-6 + -95) a multiple of 17?
False
Suppose u - 20 = 17. Let d = -23 + u. Does 7 divide d?
True
Does 44 divide ((728/(-12) - 2) + -4)*-3?
False
Let o(j) = -166*j + 56*j + 57*j + 60*j - 47. Is o(16) a multiple of 34?
False
Let x(i) = -11*i - 9. Let k be x(-14). Suppose 4*z + z = k. Is 10 a factor of z?
False
Let w be 2/(-10) + 92/10. Let l = w + 88. Does 29 divide l?
False
Let c(o) = -2*o**2 + 6*o + 6. Let a(f) = f**2 - 6*f - 7. Let t(p) = -6*a(p) - 5*c(p). Is t(-4) a multiple of 13?
True
Suppose 0 = 5*w - 3*a - 2973, 2972 = 5*w - 2*a - 0*a. Does 27 divide w?
True
Is (-51)/(-765) + 32549/15 a multiple of 35?
True
Does 7 divide 3621/11 + 6 + (-204)/33?
True
Let u = -8 + 2. Let z(m) = m + 10. Let d be z(u). Suppose 0 = -d*r + 97 + 3. Is 13 a factor of r?
False
Let z be (-21 - 0)/(9/(-6)). Let o = 1562 - 1558. Is (-6240)/(-84) - o/z a multiple of 37?
True
Is 621/12*(3 - -1) a multiple of 23?
True
Suppose -2*n + 3*g + g - 6 = 0, -5*n + 3*g - 1 = 0. Let w = n - 1. Suppose -q + 7*q - 348 = w. Does 17 divide q?
False
Let k(w) = w**2 + 7*w + 12. Let y be (-38)/(-2) - (3 + -3). Suppose 21 + y = -4*h. Is k(h) a multiple of 14?
True
Let a(d) = 2*d**2 - 10*d - 13. Suppose -123*l = -125*l - 16. Is a(l) a multiple of 15?
True
Let g(b) = 13*b**2 + 12*b - 3. Let h be g(-9). Does 31 divide 1*-2 + h/(-12)*-2?
True
Let o(r) = -r + 18. Let k be o(13). Suppose 87 = q - 0*q - 2*f, -k*f = -4*q + 345. Is 17 a factor of q?
True
Let g(s) = s + 8. Let z be g(-4). Suppose 3*n = -z*y + 1, 3*y - n + 0*n = -9. Is (-10 + 22)/((-1)/y) a multiple of 6?
True
Let o(y) = -y**3 + 14*y**2 + y - 14. Let d be o(14). Let n = -55 + 59. Suppose f + f - 8 = d, -n*u = 5*f - 68. Is 12 a factor of u?
True
Let r(h) = -h**3 - 5*h**2 + 66*h + 14. Is 61 a factor of r(-14)?
True
Is 11 a factor of (-2 + -1 + 2)*(-8514)/18?
True
Is (-304)/76 - (-303 - -1) a multiple of 8?
False
Let k(u) = -u**2 - 2*u. Suppose b - 1 + 6 = 0. Let o(n) = -n**2 - 3*n + 1. Let p(i) = b*k(i) + 6*o(i). Does 6 divide p(-8)?
True
Let v = 58 - 61. Does 5 divide 35 + (2 + v)*2?
False
Let a(x) = -x**3 - 3*x**2 - x + 10. Does 10 divide a(-4)?
True
Suppose 3*a + 12 = -99. Let b = a + 117. Is b a multiple of 20?
True
Let c = 2716 - 1995. Does 14 divide c?
False
Let a(x) = 2*x + 4. Let w be a(-2). Suppose w*h + 80 = 8*h. Is 5 a factor of h?
True
Suppose z = -2*z + 117. Is 7 a factor of 1671/z + (-2)/(-13)?
False
Let k(o) be the third derivative of o**6/120 - o**5/10 - 11*o**4/24 - 3*o**3/2 + 33*o**2. Does 45 divide k(9)?
True
Let k(z) = 2*z**2 + 13*z - 13. Does 51 divide k(-18)?
False
Let w = -10 + -5. Let j(r) = r**3 + 15*r**2 - 6*r + 10. Does 20 divide j(w)?
True
Is (2 - (-1 + 1)) + (608 - 6) a multiple of 9?
False
Let n be 4*1/(3/12). Suppose 3*t + 0 = 9, 0 = c + 4*t - n. Is (-172)/2*c/(-8) a multiple of 16?
False
Let l = 206 - 197. Is l even?
False
Let r = -1 + 36. Does 7 divide 1/(4 + r/(-9))?
False
Let r(j) = 8*j**3 - j**2 + 2*j - 2. Let n(q) = 17*q**3 - 3*q**2 + 4*q - 5. Let c(l) = 6*n(l) - 13*r(l). Is c(-4) a multiple of 13?
True
Suppose -5*k + 66 = -2*k. Let b be ((-6)/4)/((-1)/k). Does 9 divide (-18)/(-99) - (-885)/b?
True
Does 9 divide 4/8*2 - (-10 - 25)?
True
Let f be ((-2)/(-4))/((-3)/(-30)). Suppose -1 = 2*i - f. Suppose -67 = -2*q + 5*m, 8*q + i*m = 5*q + 110. Does 12 divide q?
True
Let l be (-831)/(-6) - (1 - 3/2). Let f = l - -50. Is f a multiple of 49?
False
Suppose -116 = -3*c + 2*m, -2*m - 16 = 2*m. Let j = c + -24. Suppose 5*p - j = 33. Does 2 divide p?
False
Let y be (-8)/(3 - (-91)/(-31)). Let i = y + 229. Is i a mu